73808518?
2, 13, 53, 126131
List the prime factors of 468237787.
468237787
What are the prime factors of 55762949?
11, 5069359
What are the prime factors of 399503567?
399503567
What are the prime factors of 47110768?
2, 37, 79579
What are the prime factors of 167489886?
2, 3, 73, 127, 3011
What are the prime factors of 16178068?
2, 4044517
What are the prime factors of 34693874?
2, 17346937
List the prime factors of 21366952.
2, 47, 56827
What are the prime factors of 8878027945?
5, 23, 77200243
List the prime factors of 36617396.
2, 353, 25933
List the prime factors of 1680852790.
2, 5, 168085279
List the prime factors of 41704883.
11, 37, 43, 2383
What are the prime factors of 31375805?
5, 6275161
List the prime factors of 628739636.
2, 7, 43, 53, 59, 167
What are the prime factors of 119543316?
2, 3, 31, 211, 1523
What are the prime factors of 50140624?
2, 37, 84697
List the prime factors of 252543728.
2, 53, 297811
List the prime factors of 876663685.
5, 137, 1279801
What are the prime factors of 38725234?
2, 479, 40423
What are the prime factors of 325376936?
2, 40672117
List the prime factors of 490700737.
490700737
What are the prime factors of 200884689?
3, 107, 337, 619
What are the prime factors of 105306509?
7, 11, 1367617
What are the prime factors of 2041970093?
31, 4457, 14779
What are the prime factors of 23639093?
23639093
List the prime factors of 479938370.
2, 5, 83, 223, 2593
What are the prime factors of 505409950?
2, 5, 71, 142369
List the prime factors of 103528766.
2, 11, 4705853
What are the prime factors of 3738023072?
2, 7, 16687603
What are the prime factors of 71874796?
2, 7, 19, 167, 809
List the prime factors of 100732706.
2, 59, 853667
List the prime factors of 10519376.
2, 7, 93923
List the prime factors of 110225780.
2, 5, 7, 61, 12907
List the prime factors of 36272951.
11, 13, 17, 43, 347
What are the prime factors of 557822640?
2, 3, 5, 2324261
List the prime factors of 96489771.
3, 7, 19, 179, 193
List the prime factors of 222009112.
2, 13, 2134703
What are the prime factors of 40095076?
2, 7, 1431967
What are the prime factors of 1652427349?
43, 38428543
What are the prime factors of 7330338762?
2, 3, 211, 5790157
What are the prime factors of 2418152840?
2, 5, 23, 211, 12457
List the prime factors of 3741872314.
2, 269, 6955153
List the prime factors of 26504729.
26504729
What are the prime factors of 469158119?
15551, 30169
List the prime factors of 572542547.
911, 628477
What are the prime factors of 653974552?
2, 7, 11, 1061647
List the prime factors of 772094078.
2, 7, 7878511
What are the prime factors of 644686676?
2, 5209, 30941
What are the prime factors of 1953038978?
2, 11, 8070409
What are the prime factors of 2411458049?
7, 11, 13, 571, 4219
What are the prime factors of 87017841?
3, 3222883
What are the prime factors of 810051794?
2, 12589, 32173
List the prime factors of 80055145.
5, 16011029
What are the prime factors of 160904738?
2, 2851, 28219
What are the prime factors of 4540242436?
2, 29, 227, 172423
What are the prime factors of 13398128?
2, 73, 11471
List the prime factors of 34650572.
2, 11, 787513
List the prime factors of 146681471.
43, 3411197
What are the prime factors of 113248859?
31, 3653189
List the prime factors of 1678234.
2, 839117
What are the prime factors of 29808476?
2, 41, 181759
List the prime factors of 7298592547.
7298592547
What are the prime factors of 54426182?
2, 27213091
What are the prime factors of 22310826?
2, 3, 19, 195709
What are the prime factors of 86091027?
3, 11, 53, 49223
List the prime factors of 154490659.
1873, 82483
What are the prime factors of 1240748724?
2, 3, 41, 2521847
List the prime factors of 3333296.
2, 181, 1151
What are the prime factors of 752898663?
3, 11, 521, 1327
What are the prime factors of 2426782524?
2, 3, 19, 29, 367027
What are the prime factors of 7679464?
2, 13, 41, 1801
List the prime factors of 66196472.
2, 8274559
List the prime factors of 360201726.
2, 3, 59, 339173
What are the prime factors of 415298371?
19, 1150411
List the prime factors of 4661229696.
2, 3, 211, 57529
What are the prime factors of 135324195?
3, 5, 277, 32569
List the prime factors of 1254580932.
2, 3, 11, 997, 9533
What are the prime factors of 218026683?
3, 7, 17, 23, 53, 167
List the prime factors of 3460399569.
3, 11, 11651177
What are the prime factors of 566858460?
2, 3, 5, 7, 23, 83, 101
List the prime factors of 1549910730.
2, 3, 5, 367, 140773
List the prime factors of 2795347321.
13, 173, 1242929
What are the prime factors of 48361664?
2, 13, 37, 1571
List the prime factors of 6212996.
2, 1553249
List the prime factors of 170788830.
2, 3, 5, 29, 109, 1801
List the prime factors of 98599681.
29, 117241
What are the prime factors of 2803354?
2, 311, 4507
List the prime factors of 54039114.
2, 3, 3002173
What are the prime factors of 236318268?
2, 3, 19693189
List the prime factors of 85169766.
2, 3, 11, 109, 11839
List the prime factors of 203936777.
11, 17, 97, 11243
List the prime factors of 1133036463.
3, 13, 223, 130279
What are the prime factors of 56922819?
3, 18974273
List the prime factors of 419004527.
419004527
List the prime factors of 69136102.
2, 7, 4938293
What are the prime factors of 3896174?
2, 37, 1423
What are the prime factors of 95664245?
5, 23, 831863
List the prime factors of 41427448.
2, 19, 272549
What are the prime factors of 139374741?
3, 11, 97, 43541
List the prime factors of 23753855.
5, 4750771
List the prime factors of 611821737.
3, 2237, 30389
List the prime factors of 118952358.
2, 3, 7, 281, 10079
What are the prime factors of 3026180262?
2, 3, 7, 72051911
What are the prime factors of 29989340?
2, 5, 1499467
List the prime factors of 251904362.
2, 37, 3404113
List the prime factors of 1363060325.
5, 11, 1913, 2591
What are the prime factors of 79903508?
2, 1583, 12619
List the prime factors of 213605283.
3, 31, 1087, 2113
List the prime factors of 167651089.
167651089
List the prime factors of 70269790.
2, 5, 19, 369841
What are the prime factors of 242789763?
3, 719, 112559
What are the prime factors of 2307316031?
1033, 2233607
List the prime factors of 124046334.
2, 3, 1657, 4159
What are the prime factors of 3473751253?
7, 17, 37, 21323
List the prime factors of 345426433.
11, 131, 239713
What are the prime factors of 36944975?
5, 53, 27883
What are the prime factors of 150077717?
17, 149, 179, 331
List the prime factors of 405452005.
5, 7, 179, 64717
What are the prime factors of 76053282?
2, 3, 12675547
List the prime factors of 998373219.
3, 83, 4009531
List the prime factors of 244737826.
2, 122368913
List the prime factors of 66610608.
2, 3, 1387721
What are the prime factors of 149970660?
2, 3, 5, 7, 357073
What are the prime factors of 108149678?
2, 7, 13, 461, 1289
List the prime factors of 148882840.
2, 5, 47, 79193
List the prime factors of 781701858.
2, 3, 7, 6203983
What are the prime factors of 87747736?
2, 29, 378223
List the prime factors of 225320673.
3, 23, 6173
List the prime factors of 3388402387.
3388402387
What are the prime factors of 3525770924?
2, 13, 23, 311, 9479
List the prime factors of 316795427.
13, 1427, 17077
List the prime factors of 344770253.
23, 14990011
List the prime factors of 62549218.
2, 31274609
What are the prime factors of 1945710786?
2, 3, 37, 8764463
List the prime factors of 476635911.
3, 158878637
What are the prime factors of 3656186674?
2, 7, 23, 103, 4793
What are the prime factors of 412856083?
412856083
What are the prime factors of 2003573556?
2, 3, 17, 363757
List the prime factors of 69384518.
2, 7, 1277, 3881
What are the prime factors of 681295250?
2, 5, 2725181
List the prime factors of 544228803.
3, 17, 59, 60289
What are the prime factors of 9206215?
5, 71, 25933
List the prime factors of 121752129.
3, 40584043
List the prime factors of 1916797055.
5, 659, 581729
List the prime factors of 57935756.
2, 79, 139, 1319
List the prime factors of 585427559.
53, 59, 187217
List the prime factors of 1429878673.
7283, 196331
List the prime factors of 5483209369.
11, 15809, 31531
List the prime factors of 84085150.
2, 5, 1681703
What are the prime factors of 119066836?
2, 7, 223, 19069
What are the prime factors of 1048166690?
2, 5, 53, 197767